 the hundreds digit of 619340?
3
What is the hundreds digit of 5547706?
7
What is the hundred thousands digit of 666360?
6
What is the hundreds digit of 12712881?
8
What is the thousands digit of 273782?
3
What is the thousands digit of 1128815?
8
What is the hundreds digit of 780336?
3
What is the ten thousands digit of 701004?
0
What is the ten thousands digit of 10624550?
2
What is the ten thousands digit of 6720965?
2
What is the units digit of 46337?
7
What is the tens digit of 3713282?
8
What is the hundred thousands digit of 149224?
1
What is the thousands digit of 418539?
8
What is the units digit of 5624268?
8
What is the tens digit of 519209?
0
What is the units digit of 137239?
9
What is the hundred thousands digit of 841951?
8
What is the hundred thousands digit of 6667602?
6
What is the units digit of 1998293?
3
What is the hundred thousands digit of 647697?
6
What is the hundred thousands digit of 532871?
5
What is the units digit of 1083844?
4
What is the units digit of 285232?
2
What is the units digit of 202155?
5
What is the units digit of 3708036?
6
What is the units digit of 46203?
3
What is the ten thousands digit of 2126010?
2
What is the tens digit of 4847721?
2
What is the tens digit of 595957?
5
What is the ten thousands digit of 1159124?
5
What is the hundred thousands digit of 458977?
4
What is the hundreds digit of 1904851?
8
What is the hundred thousands digit of 2674057?
6
What is the thousands digit of 357651?
7
What is the hundred thousands digit of 108859?
1
What is the units digit of 3038085?
5
What is the hundred thousands digit of 2901051?
9
What is the thousands digit of 10626339?
6
What is the units digit of 9934702?
2
What is the hundreds digit of 1206309?
3
What is the ten thousands digit of 108919?
0
What is the hundreds digit of 141567?
5
What is the hundreds digit of 147295?
2
What is the hundred thousands digit of 22648237?
6
What is the hundred thousands digit of 766812?
7
What is the hundred thousands digit of 269661?
2
What is the ten thousands digit of 1656996?
5
What is the thousands digit of 7213740?
3
What is the hundred thousands digit of 1617476?
6
What is the millions digit of 5207059?
5
What is the hundreds digit of 11043555?
5
What is the hundreds digit of 4505410?
4
What is the units digit of 23411091?
1
What is the ten thousands digit of 323302?
2
What is the hundred thousands digit of 4920575?
9
What is the hundreds digit of 206379?
3
What is the thousands digit of 67796?
7
What is the millions digit of 1372218?
1
What is the hundreds digit of 1180352?
3
What is the millions digit of 14814531?
4
What is the tens digit of 432765?
6
What is the units digit of 1796991?
1
What is the tens digit of 21708?
0
What is the units digit of 2980231?
1
What is the hundred thousands digit of 33215341?
2
What is the units digit of 737845?
5
What is the hundred thousands digit of 10117678?
1
What is the millions digit of 3230982?
3
What is the hundreds digit of 75091?
0
What is the units digit of 1729557?
7
What is the ten thousands digit of 850508?
5
What is the units digit of 5276404?
4
What is the thousands digit of 387002?
7
What is the tens digit of 2336961?
6
What is the hundred thousands digit of 195500?
1
What is the hundred thousands digit of 225975?
2
What is the units digit of 12456158?
8
What is the ten thousands digit of 9274842?
7
What is the units digit of 2321934?
4
What is the ten thousands digit of 272911?
7
What is the thousands digit of 575312?
5
What is the hundreds digit of 788434?
4
What is the thousands digit of 143630?
3
What is the hundreds digit of 6215?
2
What is the tens digit of 458771?
7
What is the hundreds digit of 611264?
2
What is the tens digit of 171569?
6
What is the tens digit of 596952?
5
What is the units digit of 29520013?
3
What is the thousands digit of 1188855?
8
What is the hundred thousands digit of 4750305?
7
What is the tens digit of 1926668?
6
What is the hundreds digit of 9333767?
7
What is the ten thousands digit of 6795629?
9
What is the hundred thousands digit of 827541?
8
What is the units digit of 40705?
5
What is the tens digit of 153697?
9
What is the tens digit of 1779010?
1
What is the ten thousands digit of 277716?
7
What is the thousands digit of 3053?
3
What is the tens digit of 59476?
7
What is the hundreds digit of 7088838?
8
What is the tens digit of 320326?
2
What is the hundreds digit of 364272?
2
What is the hundred thousands digit of 2043963?
0
What is the ten thousands digit of 3117417?
1
What is the millions digit of 6795626?
6
What is the units digit of 100494?
4
What is the units digit of 284479?
9
What is the hundred thousands digit of 742942?
7
What is the hundreds digit of 359068?
0
What is the hundred thousands digit of 40452041?
4
What is the thousands digit of 295815?
5
What is the ten thousands digit of 1021082?
2
What is the hundred thousands digit of 176076?
1
What is the thousands digit of 6037855?
7
What is the millions digit of 8484570?
8
What is the units digit of 4774725?
5
What is the units digit of 98546?
6
What is the millions digit of 9569100?
9
What is the hundreds digit of 6706220?
2
What is the thousands digit of 207331?
7
What is the tens digit of 15957587?
8
What is the ten thousands digit of 6697027?
9
What is the thousands digit of 151169?
1
What is the ten thousands digit of 19942719?
4
What is the hundred thousands digit of 1917731?
9
What is the ten thousands digit of 23598?
2
What is the ten thousands digit of 409525?
0
What is the tens digit of 9884023?
2
What is the tens digit of 838258?
5
What is the thousands digit of 4964194?
4
What is the units digit of 509936?
6
What is the tens digit of 26379532?
3
What is the hundreds digit of 5673433?
4
What is the ten thousands digit of 93560?
9
What is the thousands digit of 80592?
0
What is the units digit of 408366?
6
What is the units digit of 44081?
1
What is the hundred thousands digit of 2672403?
6
What is the thousands digit of 947582?
7
What is the hundred thousands digit of 1835964?
8
What is the tens digit of 1982006?
0
What is the ten thousands digit of 963247?
6
What is the ten thousands digit of 278440?
7
What is the units digit of 5643334?
4
What is the hundreds digit of 3149325?
3
What is the thousands digit of 3685597?
5
What is the hundreds digit of 6008938?
9
What is the millions digit of 11810027?
1
What is the ten thousands digit of 186432?
8
What is the ten thousands digit of 15674842?
7
What is the hundreds digit of 2303334?
3
What is the thousands digit of 911675?
1
What is the thousands digit of 129105?
9
What is the ten thousands digit of 249166?
4
What is the tens digit of 367330?
3
What is the tens digit of 477228?
2
What is the units digit of 1122451?
1
What is the units digit of 234218?
8
What is the thousands digit of 4948232?
8
What is the tens digit of 10173493?
9
What is the units digit of 1464081?
1
What is the tens digit of 13297393?
9
What is the tens digit of 28072886?
8
What is the ten millions digit of 19832735?
1
What is the hundreds digit of 2219457?
4
What is the thousands digit of 3461893?
1
What is the ten thousands digit of 4407386?
0
What is the ten thousands digit of 1794437?
9
What is the hundred thousands digit of 25210794?
2
What is the thousands digit of 1351435?
1
What is the units digit of 9190424?
4
What is the millions digit of 10105401?
0
What is the ten millions digit of 20467728?
2
What is the thousands digit of 713448?
3
What is the thousands digit of 79192?
9
What is the thousands digit of 2250384?
0
What is the hundred thousands digit of 10883934?
8
What is the hundreds digit of 649578?
5
What is the ten thousands digit of 28581273?
8
What is the hundreds digit of 452003?
0
What is the thousands digit of 18725536?
5
What is the thousands digit of 64558?
4
What is the hundred thousands digit of 1805783?
8
What is the units digit of 15429263?
3
What is the thousands digit of 127024?
7
What is the thousands digit of 10340179?
0
What is the hundred thousands digit of 1131022?
1
What is the units digit of 2203457?
7
What is the tens digit of 234251?
5
What is the thousands digit of 123253?
3
What is the units digit of 32862825?
5
What is the thousands digit of 480921?
0
What is the thousands dig